der when 6692539 is divided by 71194?
303
What is the remainder when 143955 is divided by 941?
923
What is the remainder when 617201 is divided by 3165?
26
What is the remainder when 410834 is divided by 2776?
2762
Calculate the remainder when 5357295 is divided by 26.
21
What is the remainder when 4801180 is divided by 300?
280
Calculate the remainder when 14345758 is divided by 8.
6
What is the remainder when 7166 is divided by 4887?
2279
Calculate the remainder when 37474276 is divided by 12491418.
22
What is the remainder when 118879603 is divided by 585?
583
Calculate the remainder when 14510469 is divided by 41.
36
Calculate the remainder when 2105448 is divided by 850.
848
Calculate the remainder when 2758266 is divided by 1569.
1533
Calculate the remainder when 150770 is divided by 1227.
1076
Calculate the remainder when 76821815 is divided by 19205453.
3
Calculate the remainder when 463374 is divided by 5092.
2
Calculate the remainder when 219662 is divided by 46.
12
Calculate the remainder when 1966208 is divided by 134.
26
What is the remainder when 223302295 is divided by 1209?
1204
What is the remainder when 452672 is divided by 27?
17
What is the remainder when 127878 is divided by 1360?
38
Calculate the remainder when 559532 is divided by 111871.
177
What is the remainder when 253801 is divided by 303?
190
Calculate the remainder when 6148 is divided by 3024.
100
Calculate the remainder when 1612574 is divided by 9893.
15
Calculate the remainder when 370947172 is divided by 102.
100
What is the remainder when 43642 is divided by 36665?
6977
Calculate the remainder when 1372270 is divided by 343004.
254
What is the remainder when 640871 is divided by 457?
157
What is the remainder when 4110469 is divided by 48?
37
What is the remainder when 3370746 is divided by 355?
21
Calculate the remainder when 15969872 is divided by 152094.
2
What is the remainder when 1040875 is divided by 19?
17
Calculate the remainder when 10122325 is divided by 1387.
1386
What is the remainder when 116436728 is divided by 116436720?
8
Calculate the remainder when 1482813 is divided by 6447.
3
What is the remainder when 74467100 is divided by 32?
28
Calculate the remainder when 2036321 is divided by 46.
39
Calculate the remainder when 1573855 is divided by 1337.
206
What is the remainder when 1131070 is divided by 129?
127
Calculate the remainder when 2301570 is divided by 278.
8
Calculate the remainder when 7582931 is divided by 133033.
50
Calculate the remainder when 16431812 is divided by 26.
20
Calculate the remainder when 78139 is divided by 222.
217
What is the remainder when 2450677 is divided by 445?
62
What is the remainder when 10393753 is divided by 1484818?
27
Calculate the remainder when 210401 is divided by 1454.
1025
What is the remainder when 547537722 is divided by 1605?
1602
Calculate the remainder when 7149107 is divided by 3520.
3507
Calculate the remainder when 100450 is divided by 33274.
628
Calculate the remainder when 415248 is divided by 111.
108
What is the remainder when 28741827 is divided by 346287?
6
Calculate the remainder when 3113668 is divided by 89.
3
What is the remainder when 11390390 is divided by 8084?
34
What is the remainder when 81294 is divided by 6250?
44
What is the remainder when 1010336 is divided by 633?
68
What is the remainder when 139863320 is divided by 2047?
2045
Calculate the remainder when 9080789 is divided by 8331.
8330
Calculate the remainder when 1400531 is divided by 53.
6
Calculate the remainder when 3536151 is divided by 3827.
3
What is the remainder when 7158809 is divided by 795422?
11
Calculate the remainder when 131175 is divided by 2036.
871
What is the remainder when 5558817 is divided by 5558356?
461
Calculate the remainder when 1186835 is divided by 237358.
45
Calculate the remainder when 31417460 is divided by 186.
14
What is the remainder when 168815952 is divided by 35?
32
What is the remainder when 2696311 is divided by 385185?
16
What is the remainder when 565411 is divided by 4087?
1405
Calculate the remainder when 33217891 is divided by 5764.
5723
Calculate the remainder when 3703686 is divided by 3551.
3544
What is the remainder when 4354681 is divided by 1059?
73
What is the remainder when 18910317 is divided by 5?
2
Calculate the remainder when 281220 is divided by 1967.
1906
Calculate the remainder when 20897457 is divided by 1142.
1141
What is the remainder when 45677794 is divided by 3513676?
6
What is the remainder when 4628191 is divided by 272246?
9
What is the remainder when 23001813 is divided by 84?
9
What is the remainder when 207890313 is divided by 281313?
6
What is the remainder when 2166196 is divided by 79?
16
What is the remainder when 17638379 is divided by 4?
3
What is the remainder when 60671 is divided by 215?
41
What is the remainder when 326232 is divided by 1631?
32
Calculate the remainder when 341458 is divided by 106.
32
Calculate the remainder when 45854575 is divided by 310.
305
What is the remainder when 3675847 is divided by 1801?
6
What is the remainder when 5644 is divided by 953?
879
What is the remainder when 36146427 is divided by 9036605?
7
What is the remainder when 1011342 is divided by 252834?
6
What is the remainder when 1015591 is divided by 36?
31
Calculate the remainder when 96881 is divided by 556.
137
What is the remainder when 440396 is divided by 1372?
1356
What is the remainder when 11592577 is divided by 1935?
1927
Calculate the remainder when 193147 is divided by 1294.
341
Calculate the remainder when 1191861 is divided by 53.
50
What is the remainder when 336918 is divided by 433?
44
Calculate the remainder when 1534452 is divided by 329.
325
What is the remainder when 378698 is divided by 31133?
5102
What is the remainder when 3763147 is divided by 752625?
22
What is the remainder when 198848 is divided by 54?
20
What is the remainder when 1547434 is divided by 515786?
76
Calculate the remainder when 64532 is divided by 2133.
542
Calculate the remainder when 3640306 is divided by 147.
145
What is the remainder when 4664527 is divided by 180?
7
Calculate the remainder when 14863096 is divided by 2498.
2494
What is the remainder when 297353 is divided by 1317?
1028
What is the remainder when 14257580 is divided by 2769?
2768
What is the remainder when 63826 is divided by 4907?
35
Calculate the remainder when 24679563 is divided by 123.
105
Calculate the remainder when 159562 is divided by 18902.
8346
What is the remainder when 60769 is divided by 175?
44
What is the remainder when 758411 is divided by 22268?
1299
What is the remainder when 1479686 is divided by 1083?
308
What is the remainder when 187481 is divided by 217?
210
Calculate the remainder when 258626949 is divided by 258626931.
18
Calculate the remainder when 75512 is divided by 4127.
1226
What is the remainder when 61563 is divided by 15025?
1463
What is the remainder when 506304 is divided by 3032?
2992
What is the remainder when 258285 is divided by 1395?
210
What is the remainder when 879478 is divided by 146488?
550
What is the remainder when 23960 is divided by 3984?
56
What is the remainder when 311694815 is divided by 502?
3
What is the remainder when 4859177 is divided by 100?
77
Calculate the remainder when 379722 is divided by 40913.
11505
Calculate the remainder when 11087299 is divided by 299653.
138
What is the remainder when 132103007 is divided by 1572?
1559
Calculate the remainder when 4611 is divided by 3128.
1483
What is the remainder when 797193 is divided by 132864?
9
Calculate the remainder when 1854195357 is divided by 4660.
4657
What is the remainder when 1790238 is divided by 561?
87
What is the remainder when 281580 is divided by 307?
61
What is the remainder when 11220496 is divided by 89?
88
What is the remainder when 15797819 is divided by 224?
219
Calculate the remainder when 269844 is divided by 134812.
220
Calculate the remainder when 116805 is divided by 917.
346
What is the remainder when 24364 is divided by 1829?
587
What is the remainder when 9948887 is divided by 4974437?
13
Calculate the remainder when 925391195 is divided by 2357.
2354
Calculate the remainder when 10774914 is divided by 77.
73
Calculate the remainder when 1